*f, 3*c + 5*f - 49 = 0. What is the remainder when v(-4) is divided by c?
6
Suppose -4*f - f + 15 = 2*p, 2*p - f = 9. Let a = 9 - 4. Suppose -2*r = -3*b + a, -5*b = -2*r - 7 - 4. What is the remainder when p is divided by b?
2
Let c be 27/(-15)*(-7)/((-84)/(-40)). Suppose 0 = -c*n + 59 - 5. What is the remainder when 34 is divided by n?
7
Let v = 5260 - 5253. Suppose -4*s + 12 = -s. Calculate the remainder when v is divided by s.
3
Suppose f - 79 = -2*u, -3*f + 97 = 5*u - 98. What is the remainder when 325 is divided by u?
31
Calculate the remainder when 107 is divided by (0 - -59) + 4/(32/(-56)).
3
Let j = -131 + 192. Suppose -3 = u, -2*c = -62*u + 57*u - 47. Calculate the remainder when j is divided by c.
13
Suppose 0*h - 5*h = 3*b - 44, -5*b + 60 = -5*h. Calculate the remainder when 998 is divided by b.
10
Let k = -5 - -12. What is the remainder when (15/10 - -8)*2 is divided by k?
5
Let s = -70 + 74. Suppose 5*m + 12 = m, -s*r + m = -451. Calculate the remainder when r is divided by 29.
25
Let z(u) = -165*u - 111. What is the remainder when 267 is divided by z(-1)?
51
Suppose 342 = 11*m - 791. What is the remainder when m is divided by 53?
50
Let b(j) = 2*j**3 - 6*j**2 + j - 8. Let m(o) = o**3 - 5*o**2 + o - 9. Let l(t) = -2*b(t) + 3*m(t). What is the remainder when 236 is divided by l(-5)?
32
Let n(g) = -g**2 + 6*g - 3. Suppose 12 = q + 2*q. Suppose 40*j = 41*j - 12. What is the remainder when j is divided by n(q)?
2
Let s(v) = v**3 + 11*v**2 + 3*v - 11. Calculate the remainder when 740 is divided by s(-9).
120
Let s(n) = -6*n - 9. Let q be s(7). Suppose 0 = 6*y - 51 - 375. Let f = y + q. What is the remainder when f is divided by 11?
9
Suppose -6*v - 13 = 11. Let t be -85 - (3 - (v + 10)). Calculate the remainder when (t/1)/(-4 - -2) is divided by 6.
5
Suppose 3*k - k = -4*i + 146, -4*k = 2*i - 58. What is the remainder when 113 is divided by i?
35
Suppose 0 = 5*i - x - x - 98, 0 = 4*i - 5*x - 92. Suppose -i*l = -17*l - 12. What is the remainder when 71 is divided by l?
11
Let k(x) = -6*x. Let n be k(1). Let u(r) = r**2 - r - 14. Let o be u(n). Suppose 2*d - o = -8. What is the remainder when 17 is divided by d?
7
Suppose f - 65 = -61. Suppose 3*z + k - 499 = 0, -f*k + 0*k + 4 = 0. Calculate the remainder when z is divided by 42.
40
Suppose 0 = 4*s - 10 - 42. Calculate the remainder when (18 + -66)/((-6)/8) is divided by s.
12
Let o be 2630/6 - (-32)/48. Calculate the remainder when (-6)/(-9) + o/3 is divided by 30.
27
Calculate the remainder when 36 is divided by (-4 + (-3 - -6))/((-5)/25).
1
Suppose 0 = -10*f + 116 + 84. Calculate the remainder when f is divided by 8.
4
Suppose -l = -2 - 7. Let k = -2 + l. What is the remainder when (-264)/(-10) + 6/(-15) is divided by k?
5
Suppose l - 5*l + 72 = 0. Suppose -155 = -n - 36. Let i = n - 50. Calculate the remainder when i is divided by l.
15
Suppose 263 = -19*k + 909. Calculate the remainder when 99 is divided by k.
31
Suppose 0 = 4*c + 3*k - 29, 5*k - 8 = -2*c + 17. Let o(l) = 1 + 1 + 3 + 3*l. What is the remainder when o(4) is divided by c?
2
Suppose 4*s + 0*s = -8. Let p = -219 + 223. Calculate the remainder when (p/(-8))/(s/368) is divided by 31.
30
Suppose 62 = a + a. Suppose 2*y - 11 = a. Let h = -8 + y. What is the remainder when 37 is divided by h?
11
Suppose p - 125 = -5*j + 6*p, 37 = j + 2*p. What is the remainder when 57 is divided by j?
28
Suppose -3*r - 10*a + 47 = -6*a, -3*r + a + 37 = 0. Calculate the remainder when 86 is divided by r.
8
Let a(o) = -o + 2. Let y be a(-3). Let b be (4/y)/((-1)/(-20)). Let g = b - 9. Calculate the remainder when 26 is divided by g.
5
What is the remainder when -213*(8/(-6))/4 is divided by -29 - -26 - 72/(-6)?
8
Calculate the remainder when ((-132)/(-110))/(294/290 - 1) is divided by ((-5)/(20/(-22)))/((-2)/(-8)).
21
Let a(i) = 4 - 16*i + 7*i - 1 + 5*i**2 + 6*i. Calculate the remainder when a(2) is divided by 56/6 + 2/3.
7
Suppose 2*w - 308 = -5*r, -1 - 19 = -5*r. Calculate the remainder when w is divided by 21.
18
Suppose 5*w + 40 + 10 = 0. Let c = w + 3. Let s(x) = -x**2 - 12*x - 13. Calculate the remainder when 85 is divided by s(c).
19
Suppose 4*y + o - 8 = -4*o, -y = 2*o - 2. Let m be 223 + (2 + -4)/y. What is the remainder when m/9 - 16/(-12) is divided by 15?
11
Let d be (-21)/2*2/(-3). Let g = 23 - 19. Suppose 3*a + 3*z - d*z = 137, -g*a = z - 170. Calculate the remainder when a is divided by 15.
13
Suppose -28*q + 25*q + 36 = 0. What is the remainder when 137 is divided by 24/32 - (-267)/q?
22
Suppose 0 = 43*j + 4390 - 20601. Calculate the remainder when j is divided by 16.
9
What is the remainder when 163 is divided by (-4)/(-10)*35*(-1 + 3)?
23
Let l = 308 - 288. Calculate the remainder when 38 is divided by l.
18
Calculate the remainder when 99 is divided by (-27)/(-135) - (-147)/15.
9
Let g(l) = 149*l**3 - l**2 - 7*l + 7. Calculate the remainder when g(1) is divided by (-2)/2*140/(-14).
8
Let y(p) = -p**3 - 6*p**2 - 6*p - 6. Let g be y(-5). Calculate the remainder when 19 - 4 - g/2*-4 is divided by 10.
3
Let w(u) = -2*u + 5. Let f be w(3). Let d(q) = -15*q + 4. Calculate the remainder when 30 is divided by d(f).
11
Suppose -7*m = -445 + 67. Calculate the remainder when 208 is divided by m.
46
Let k(w) be the second derivative of -w**5/20 + 5*w**4/6 - 2*w**3/3 - 2*w**2 + 17*w. Calculate the remainder when k(7) is divided by 39.
37
Let l(n) = 5 + 2*n + 5 + 0 - 3. Calculate the remainder when 43 is divided by l(4).
13
Let t(a) = 203*a**2 + 70*a - 69. Calculate the remainder when t(1) is divided by 16.
12
Let s(u) = 84*u**2 - 3*u - 2. Calculate the remainder when s(1) is divided by 2/4*0 + 27.
25
Let l = 2 + -2. Suppose -77 = -d - 5*h, 0 = -2*d + h - l*h + 99. What is the remainder when d is divided by (-5)/(-50)*144 - (-4)/(-10)?
10
Suppose 4*l - 132 + 962 = 3*s, 0 = 2*l - 2. Suppose -5*h + w + w + s = 0, 4*w - 92 = -2*h. What is the remainder when h is divided by 14?
12
Suppose 10*n = 6*n + 16. Suppose h - 2*h = 5*w - 7, 0 = -2*w - n. What is the remainder when h is divided by 5?
2
Suppose -4*c + 3*u + 212 = -u, 5*c - 2*u = 256. Let q(b) = b**3 + 22*b**2 + 21*b + 26. What is the remainder when c is divided by q(-21)?
24
Suppose 8*j - 29 + 21 = 0. Let r = 9 - 0. Calculate the remainder when r is divided by j.
0
Let b = -272 + 182. Let h = b - -93. Let v = 7 - -2. What is the remainder when v is divided by h?
0
Let t = -46 + 81. Suppose -a = z - 56, -t = -4*a + 2*z + 195. What is the remainder when a is divided by 12?
9
Let d(h) = h**2 + 5*h - 4. Let q be d(-6). Suppose q*b - 27 = 23. Let z = -124 + 222. Calculate the remainder when z is divided by b.
23
What is the remainder when -3 - ((-424)/4 + 6) is divided by 50?
47
Let a be 123*(8/3 + -3). Let x = -17 - a. Let s(i) = i**2 + 12*i - 6. Calculate the remainder when x is divided by s(-13).
3
Suppose -346 = -5*y + q, -q + 140 = 2*y - 3*q. Calculate the remainder when y is divided by 14.
13
Let f = -12 - -17. Suppose 0*x - 4*z = 3*x, -5*z = -2*x - 23. Let s = 14 - x. What is the remainder when s is divided by f?
3
Suppose -4*s + 5*k + 22 = -7*s, -k = -4*s - 14. Let o(y) = -22*y - 2. Calculate the remainder when o(s) is divided by 29.
28
Let z = 8 + -2. Suppose -z*q + q = 4*s - 67, 42 = 3*q + 3*s. Calculate the remainder when 86 is divided by q.
9
What is the remainder when 79 is divided by (-2)/4 + 3960/144?
25
Calculate the remainder when 63 is divided by (-4)/20 - (-660)/50.
11
Calculate the remainder when (14/(-21) + -6)*6/(-4) is divided by 3.
1
Let i(k) = -k - 4. Let z(p) = 2*p**2 - p - 4. Suppose 0 = 3*n - 0 - 6. What is the remainder when z(n) is divided by i(-6)?
0
Let c be 36/(-60) - (-26)/10. Calculate the remainder when 11 is divided by -2 - c/((-8)/20).
2
Let f = -771 - -792. What is the remainder when f is divided by 9?
3
Suppose 0 = 7*l + 22*l - 232. What is the remainder when 39 is divided by l?
7
Suppose 3*f - 435 = -3*b, 3*b - 5*f = b + 318. Calculate the remainder when b is divided by 19.
16
Suppose 1189 = -4*j + 1253. Calculate the remainder when 168 is divided by j.
8
Suppose 0 = -f - 3*k + 83, -352 = -4*f - 5*k - 13. Suppose -2*o - f = -4*o. Calculate the remainder when o is divided by 15.
13
Let i be ((-8)/(-4))/2 + -3. Let n = 9 + i. What is the remainder 